{"id":7,"date":"2020-04-21T07:29:37","date_gmt":"2020-04-21T07:29:37","guid":{"rendered":"http:\/\/inntek.hu\/?page_id=7"},"modified":"2024-08-27T09:14:25","modified_gmt":"2024-08-27T09:14:25","slug":"rolunk","status":"publish","type":"page","link":"http:\/\/inntek.hu\/index.php\/rolunk\/","title":{"rendered":"Kapcsolat"},"content":{"rendered":"\n<p>Ha szeretne t\u00f6bbet megtudni r\u00f3lunk, vagy egy\u00fcttm\u0171k\u00f6d\u00e9si lehet\u0151s\u00e9gekr\u0151l \u00e9rdekl\u0151dni, k\u00e9rj\u00fck, l\u00e9pjen kapcsolatba vel\u00fcnk:<\/p>\n\n\n\n<ul class=\"wp-block-list\">\n<li><strong>C\u00edm<\/strong>: Eger, Faiskola utca 15. Hungary<\/li>\n\n\n\n<li><strong>Telefon<\/strong>: +36 36 429 614   30\/607-4866<\/li>\n\n\n\n<li><strong>Email<\/strong>: ildiko.lengyel<a>@hkik.hu<\/a><\/li>\n<\/ul>\n\n\n\n<p>L\u00e1togasson el hozz\u00e1nk, \u00e9s fedezze fel, hogyan alak\u00edtjuk egy\u00fctt a j\u00f6v\u0151t!<\/p>\n\n\n\n<p><\/p>\n","protected":false},"excerpt":{"rendered":"<p>Ha szeretne t\u00f6bbet megtudni r\u00f3lunk, vagy egy\u00fcttm\u0171k\u00f6d\u00e9si lehet\u0151s\u00e9gekr\u0151l \u00e9rdekl\u0151dni, k\u00e9rj\u00fck, l\u00e9pjen kapcsolatba vel\u00fcnk: L\u00e1togasson el hozz\u00e1nk, \u00e9s fedezze fel, hogyan alak\u00edtjuk egy\u00fctt a j\u00f6v\u0151t!<\/p>\n","protected":false},"author":1,"featured_media":0,"parent":0,"menu_order":0,"comment_status":"closed","ping_status":"closed","template":"","meta":{"footnotes":""},"class_list":["post-7","page","type-page","status-publish"],"_links":{"self":[{"href":"http:\/\/inntek.hu\/index.php\/wp-json\/wp\/v2\/pages\/7","targetHints":{"allow":["GET"]}}],"collection":[{"href":"http:\/\/inntek.hu\/index.php\/wp-json\/wp\/v2\/pages"}],"about":[{"href":"http:\/\/inntek.hu\/index.php\/wp-json\/wp\/v2\/types\/page"}],"author":[{"embeddable":true,"href":"http:\/\/inntek.hu\/index.php\/wp-json\/wp\/v2\/users\/1"}],"replies":[{"embeddable":true,"href":"http:\/\/inntek.hu\/index.php\/wp-json\/wp\/v2\/comments?post=7"}],"version-history":[{"count":4,"href":"http:\/\/inntek.hu\/index.php\/wp-json\/wp\/v2\/pages\/7\/revisions"}],"predecessor-version":[{"id":141,"href":"http:\/\/inntek.hu\/index.php\/wp-json\/wp\/v2\/pages\/7\/revisions\/141"}],"wp:attachment":[{"href":"http:\/\/inntek.hu\/index.php\/wp-json\/wp\/v2\/media?parent=7"}],"curies":[{"name":"wp","href":"https:\/\/api.w.org\/{rel}","templated":true}]}}